st the prime factors of 501145380.
2, 3, 5, 17, 31, 587
List the prime factors of 119565134.
2, 13, 27211
What are the prime factors of 56751866?
2, 461, 61553
What are the prime factors of 1433753693?
1433753693
What are the prime factors of 93559547?
857, 109171
List the prime factors of 1225064346.
2, 3, 11, 953, 19477
What are the prime factors of 1986917986?
2, 61, 139, 117167
What are the prime factors of 2139535?
5, 17, 25171
List the prime factors of 37651439.
7, 181, 29717
What are the prime factors of 1254726862?
2, 627363431
List the prime factors of 335319628.
2, 7, 17, 704453
What are the prime factors of 89910387?
3, 7, 227, 6287
What are the prime factors of 1609723169?
269, 5984101
What are the prime factors of 88815988?
2, 22203997
List the prime factors of 151099895.
5, 30219979
What are the prime factors of 469399651?
7, 67057093
What are the prime factors of 28249315?
5, 37, 4127
List the prime factors of 71577315.
3, 5, 199, 7993
List the prime factors of 493267891.
493267891
What are the prime factors of 439792116?
2, 3, 36649343
What are the prime factors of 4658116175?
5, 977, 190711
What are the prime factors of 110358401?
337, 327473
List the prime factors of 114434843.
114434843
What are the prime factors of 1083479349?
3, 881, 409943
What are the prime factors of 3545588573?
3545588573
What are the prime factors of 64527688?
2, 101, 79861
List the prime factors of 31222651.
97, 409, 787
What are the prime factors of 79397794?
2, 7, 23, 246577
What are the prime factors of 149252014?
2, 23, 67, 79, 613
What are the prime factors of 48489743?
127, 191, 1999
What are the prime factors of 1233809600?
2, 5, 71, 10861
What are the prime factors of 346973296?
2, 21685831
What are the prime factors of 18231091?
18231091
List the prime factors of 49657837.
929, 53453
What are the prime factors of 3691799063?
953, 3873871
List the prime factors of 47078392.
2, 127, 46337
What are the prime factors of 29641595?
5, 23, 113, 2281
List the prime factors of 3800798230.
2, 5, 79, 4811137
What are the prime factors of 224044314?
2, 3, 13, 19, 29, 401
List the prime factors of 181765397.
11, 233, 70919
List the prime factors of 120573588.
2, 3, 17, 239, 2473
What are the prime factors of 2317707739?
2317707739
List the prime factors of 280600038.
2, 3, 211, 8209
What are the prime factors of 1804443824?
2, 37, 3048047
What are the prime factors of 225985191?
3, 641, 117517
List the prime factors of 2944477128.
2, 3, 59, 2079433
List the prime factors of 199227467.
9311, 21397
List the prime factors of 88294711.
88294711
What are the prime factors of 59051885?
5, 929, 12713
List the prime factors of 132419928.
2, 3, 5517497
What are the prime factors of 7534482?
2, 3, 1255747
What are the prime factors of 71807449?
7, 23, 446009
What are the prime factors of 57425716?
2, 14356429
List the prime factors of 78803448.
2, 3, 79, 89, 467
What are the prime factors of 320201781?
3, 106733927
List the prime factors of 115123595.
5, 127, 181297
What are the prime factors of 27385550?
2, 5, 37, 113, 131
List the prime factors of 112535476.
2, 2213, 12713
List the prime factors of 61542018.
2, 3, 379889
List the prime factors of 27488869.
211, 130279
List the prime factors of 219083063.
17, 12887239
List the prime factors of 105580684.
2, 11, 37, 64853
List the prime factors of 280981390.
2, 5, 3257, 8627
List the prime factors of 2663610606.
2, 3, 2741, 53987
What are the prime factors of 2173121550?
2, 3, 5, 67, 72077
List the prime factors of 223356274.
2, 41, 97, 28081
List the prime factors of 438080336.
2, 571, 47951
What are the prime factors of 47571288?
2, 3, 19, 104323
List the prime factors of 18462841.
18462841
What are the prime factors of 5095613860?
2, 5, 254780693
List the prime factors of 109908129.
3, 43, 163, 5227
What are the prime factors of 2030625655?
5, 41, 9905491
What are the prime factors of 353724552?
2, 3, 4912841
List the prime factors of 3126863.
47, 66529
What are the prime factors of 1537151955?
3, 5, 102476797
List the prime factors of 319217422.
2, 159608711
List the prime factors of 13520719.
13520719
What are the prime factors of 1348844709?
3, 821, 547643
What are the prime factors of 176762276?
2, 149, 296581
What are the prime factors of 461291369?
7, 11, 41, 146117
List the prime factors of 3663918511.
11, 47, 151, 46933
What are the prime factors of 16747810?
2, 5, 881, 1901
List the prime factors of 3439282472.
2, 429910309
What are the prime factors of 848861757?
3, 94317973
List the prime factors of 49660751.
7, 2531, 2803
List the prime factors of 1188854981.
23, 51689347
What are the prime factors of 76950440?
2, 5, 7, 41, 6703
What are the prime factors of 57424177?
47, 1221791
What are the prime factors of 20678609?
7, 1367, 2161
What are the prime factors of 64912341?
3, 13, 17, 19, 5153
What are the prime factors of 3026621080?
2, 5, 7, 10809361
List the prime factors of 25247117.
7, 3606731
What are the prime factors of 35089630?
2, 5, 1063, 3301
What are the prime factors of 47863698?
2, 3, 19, 101, 4157
What are the prime factors of 266080591?
7, 38011513
List the prime factors of 329921.
359, 919
What are the prime factors of 564198977?
19, 31, 37, 25889
List the prime factors of 47012747.
47012747
List the prime factors of 6926779327.
13, 19, 28043641
What are the prime factors of 535674223?
7, 233, 46919
What are the prime factors of 443491273?
443491273
What are the prime factors of 26891938?
2, 13445969
List the prime factors of 22970460.
2, 3, 5, 311, 1231
What are the prime factors of 594519520?
2, 5, 7, 557, 953
List the prime factors of 115038865.
5, 23007773
List the prime factors of 318813601.
318813601
What are the prime factors of 405487777?
281, 283, 5099
List the prime factors of 637105995.
3, 5, 151, 93761
What are the prime factors of 1747804042?
2, 873902021
What are the prime factors of 156881503?
29, 5409707
What are the prime factors of 82867661?
1567, 52883
List the prime factors of 109820872.
2, 7, 157, 12491
List the prime factors of 4092804.
2, 3, 23, 4943
List the prime factors of 41948800.
2, 5, 13109
What are the prime factors of 384614216?
2, 7, 53, 129587
List the prime factors of 222428596.
2, 13, 31, 137983
What are the prime factors of 7387388018?
2, 109, 33887101
What are the prime factors of 7377141?
3, 97, 101, 251
List the prime factors of 2938949171.
17, 67, 2580289
List the prime factors of 2436128.
2, 76129
List the prime factors of 49618663.
49618663
What are the prime factors of 51867743?
31, 47, 97, 367
List the prime factors of 63992804.
2, 31, 113, 4567
List the prime factors of 201145488.
2, 3, 23, 167, 1091
What are the prime factors of 2033856386?
2, 409, 953, 2609
What are the prime factors of 3890921922?
2, 3, 216162329
List the prime factors of 213329006.
2, 11, 9696773
List the prime factors of 318213763.
7, 23, 113, 17491
List the prime factors of 10875176.
2, 13, 53, 1973
What are the prime factors of 42129637?
11, 43, 89069
What are the prime factors of 1416184633?
29437, 48109
What are the prime factors of 1416719232?
2, 3, 71, 17321
What are the prime factors of 2261731047?
3, 113, 149, 44777
List the prime factors of 4625468422.
2, 2312734211
What are the prime factors of 28476141?
3, 109, 87083
List the prime factors of 2561642553.
3, 5659, 150889
List the prime factors of 99359061.
3, 31, 1068377
What are the prime factors of 20273191?
20273191
List the prime factors of 171919050.
2, 3, 5, 233, 4919
What are the prime factors of 67073199?
3, 139, 239, 673
List the prime factors of 1134160126.
2, 11, 167, 197, 1567
List the prime factors of 1204575960.
2, 3, 5, 7, 1434019
List the prime factors of 39810251.
13, 3062327
List the prime factors of 2639566755.
3, 5, 7, 1447, 5791
What are the prime factors of 457728172?
2, 11, 10402913
List the prime factors of 43067292.
2, 3, 3588941
List the prime factors of 109132855.
5, 13, 223, 7529
What are the prime factors of 83842495?
5, 11, 1524409
What are the prime factors of 143129957?
143129957
List the prime factors of 3049429503.
3, 1601, 634901
List the prime factors of 2421497088.
2, 3, 1050997
What are the prime factors of 2956665388?
2, 739166347
What are the prime factors of 160